1147911837 a composite number?
True
Is 62381384753 a prime number?
True
Is 4276968805 a composite number?
True
Is 1396222063 composite?
True
Is 45098629 a composite number?
False
Is 32069410133 composite?
False
Is 208692311 prime?
True
Is 3264990923 a prime number?
False
Is 599658967 prime?
False
Is 729388499 a prime number?
False
Is 887738183 prime?
False
Is 19569766181 a composite number?
True
Is 535418003 a prime number?
False
Is 11450549969 a composite number?
False
Is 27521980879 a prime number?
True
Is 904983733 a prime number?
True
Is 513192347 a composite number?
True
Is 99192114635 prime?
False
Is 669668047 prime?
False
Is 27280682371 prime?
False
Is 12941263667 a prime number?
False
Is 23768196883 prime?
False
Is 1418145061 composite?
False
Is 2931481589 a prime number?
True
Is 38174616773 prime?
True
Is 16611944959 prime?
False
Is 1542819679 composite?
False
Is 45276902455 composite?
True
Is 187708919 a prime number?
True
Is 891887389 a prime number?
False
Is 63392059319 a prime number?
False
Is 1042052381 prime?
False
Is 731917763 composite?
False
Is 5715563539 composite?
True
Is 818315807 a composite number?
True
Is 3884631349 a composite number?
True
Is 3821644091 a composite number?
False
Is 7040381189 a prime number?
False
Is 26214161833 a composite number?
False
Is 831202079 a composite number?
False
Is 2828553641 composite?
True
Is 20570880895 composite?
True
Is 336902221 a prime number?
True
Is 2213315059 composite?
False
Is 102160801247 composite?
False
Is 6655017289 a composite number?
False
Is 203885417 prime?
True
Is 4675578671 a composite number?
False
Is 1137437669 prime?
True
Is 11518685947 prime?
True
Is 20963685361 a prime number?
True
Is 3324170089 composite?
True
Is 1647440863 prime?
False
Is 3338694847 prime?
False
Is 16977533411 composite?
False
Is 795052367 a composite number?
False
Is 6644354599 a prime number?
False
Is 26020069 a prime number?
True
Is 1777296031 a prime number?
False
Is 8993846567 a prime number?
True
Is 108456599 prime?
True
Is 163981717 a prime number?
True
Is 49092455337 a prime number?
False
Is 35439395 composite?
True
Is 1544159951 a composite number?
False
Is 167016011 prime?
True
Is 22170934321 prime?
True
Is 76956571831 prime?
False
Is 40480217579 a composite number?
False
Is 62511904918 a composite number?
True
Is 1045431187 a composite number?
True
Is 161432981 composite?
False
Is 512884477 composite?
True
Is 77595203831 prime?
False
Is 4658311297 composite?
False
Is 3437375351 composite?
False
Is 10026548513 composite?
False
Is 1951472953 prime?
False
Is 448650611 a prime number?
False
Is 6152675491 a composite number?
False
Is 735833341 composite?
False
Is 6411015781 a composite number?
False
Is 286352965 a prime number?
False
Is 51225885773 a composite number?
False
Is 305720213 a composite number?
False
Is 1364839687 a prime number?
True
Is 640211399 composite?
False
Is 289775579 a prime number?
True
Is 2847929993 a prime number?
True
Is 940953593 a composite number?
True
Is 490538617 composite?
False
Is 2371671689 a prime number?
True
Is 144942851 a composite number?
False
Is 3091228837 composite?
False
Is 191461441211 prime?
False
Is 663021959 prime?
True
Is 4374578327 a composite number?
True
Is 49847772773 a prime number?
False
Is 763814617 a composite number?
False
Is 1481399461 composite?
False
Is 31638661139 a composite number?
True
Is 9916832423 a composite number?
False
Is 131319224143 prime?
False
Is 61172971861 a composite number?
False
Is 11827007987 prime?
False
Is 11784173573 composite?
False
Is 4022749051 composite?
False
Is 40806550157 prime?
False
Is 21187727 composite?
True
Is 2119891717 prime?
True
Is 36034284647 a prime number?
False
Is 409106869 a composite number?
False
Is 66658350719 a composite number?
True
Is 2512289761 composite?
False
Is 693409109 prime?
False
Is 1210753877 a composite number?
False
Is 185437817 a prime number?
True
Is 9773970161 composite?
False
Is 1911762485 a composite number?
True
Is 757032893 a prime number?
False
Is 120976903651 composite?
False
Is 11317083191 prime?
False
Is 1064869301 a composite number?
False
Is 3232041837 prime?
False
Is 3341656847 prime?
True
Is 791090611 composite?
True
Is 42303526877 composite?
True
Is 97788757789 a prime number?
True
Is 14944641811 a prime number?
False
Is 20047102219 a composite number?
True
Is 14017123987 a prime number?
False
Is 543487557 a composite number?
True
Is 10213374191 prime?
True
Is 8847090845 a prime number?
False
Is 1321544414 composite?
True
Is 3120872977 a composite number?
True
Is 5649935237 composite?
True
Is 3876371537 prime?
False
Is 627165439 a prime number?
True
Is 9149861213 composite?
False
Is 1236253691 a composite number?
True
Is 5903333167 a prime number?
False
Is 25412168117 prime?
False
Is 63019914773 composite?
False
Is 1230841081 a composite number?
True
Is 6186335467 prime?
False
Is 278392643 composite?
True
Is 65794915943 prime?
True
Is 88264199 a prime number?
False
Is 7432130149 a composite number?
False
Is 1075917554 a composite number?
True
Is 1152397511 prime?
False
Is 1408690009 a prime number?
True
Is 17598430723 a prime number?
False
Is 29796750055 prime?
False
Is 1097164249 a composite number?
False
Is 7219738307 a composite number?
True
Is 238311233 composite?
True
Is 27497560126 composite?
True
Is 26767864559 a composite number?
False
Is 1505649559 composite?
True
Is 298239691 a prime number?
True
Is 14256703 a composite number?
False
Is 2325365453 a prime number?
False
Is 245035613 a prime number?
True
Is 33827748679 a composite number?
False
Is 474164281 a composite number?
True
Is 26432004601 a composite number?
True
Is 1903568585 a composite number?
True
Is 795954871 composite?
True
Is 5160950471 composite?
False
Is 432409588077 composite?
True
Is 81680885617 a prime number?
True
Is 4613323829 prime?
True
Is 682943459 a composite number?
True
Is 1185706322 a composite number?
True
Is 447805979 prime?
False
Is 713977323 prime?
False
Is 6914635067 a composite number?
False
Is 714356135 a prime number?
False
Is 53953381619 a composite number?
True
Is 10950867439 composite?
False
Is 642333253 a prime number?
False
Is 20633462327 a prime number?
True
Is 9045325393 prime?
False
Is 9760136297 composite?
True
Is 6457359973 prime?
False
Is 136796677123 prime?
True
Is 3293653043 prime?
True
Is 20424303811 prime?
True
Is 1610762603 composite?
False
Is 203932769 a composite number?
True
Is 23905929739 a composite number?
False
Is 267140521 prime?
True
Is 24524377307 prime?
False
Is 45641903 a prime number?
True
Is 1034848999 a prime number?
True
Is 519733931 a prime number?
False
Is 39024043 prime?
False
Is 56641999151 composite?
True
Is 709019159 composite?
False
Is 13846655599 prime?
False
Is 253426396823 prime?
False
Is 160792531 a composite number?
False
Is 5245775831 composite?
False
Is 1743230257 a prime number?
False
Is 37704369229 composite?
True
Is 250908370139 a composite number?
True
Is 20721697933 prime?
True
Is 68282973757 a composite number?
False
Is 107612296667 a prime number?
False
Is 9713105777 a prime number?
True
Is 223705147 a composite number?
False
Is 1403046413 prime?
True
Is 86353474351 composite?
False
Is 30415218807 prime?
False
Is 1306801941 a prime number?
False
Is 3981261993 prime?
False
Is 201449207 a composite number?
True
Is 3409357729 a composite number?
True
Is 4953470827 a composite number?
True
Is 685292187 a prime number?
False
Is 5306217439 composite?
True
Is 63731024219 a composite number?
True
Is 208776187 a composite number?
False
Is 327585619 a composite number?
True
Is 6858470963 a composite number?
False
Is 929699387 a composite number?
True
Is 935433407 composite?
False
Is 24375698461 a prime number?
True
Is 56467329929 a composite number?
True
Is 420487415269 prime?
False
Is 9999637991 a prime number?
False
Is 603588773 prime?
True
Is 12802067519 a prime number?
False
Is 591945649 prime?
True
Is 2034800149 a prime number?
True
Is 174265302109 a composite number?
False
Is 46510731361 prime?
True
Is 173427971 prime?
True
Is 6664032631 a composite number?
False
Is 11633883251 a prime number?
True
Is 403418842 a prime number?
False
Is 5999313329 prime?
True
Is 39390671937 prime?
False
Is 618766397 prime?
